{"id":181,"date":"2021-07-29T10:21:56","date_gmt":"2021-07-29T10:21:56","guid":{"rendered":"https:\/\/pizzeriadalba.es\/?page_id=181"},"modified":"2021-07-30T18:56:51","modified_gmt":"2021-07-30T18:56:51","slug":"nuestro-men%c3%ba-3","status":"publish","type":"page","link":"https:\/\/pizzeriadalba.es\/","title":{"rendered":"Inicio"},"content":{"rendered":"\n<p class=\"has-text-align-center\">Te invitamos a probar un estilo de restaurante diferente donde podr\u00e1s degustar nuestras pizzas de masa fina y crujiente elaboradas al momento, nuestra receta cl\u00e1sica de la autentica pizza romana, con ingredientes frescos y gran mimo por la calidad.<\/p>\n\n\n\n<p class=\"has-text-align-center\">Descubre nuestras hamburguesas especiales o nuestros kebabs gourmet que te dejaran sin palabras<\/p>\n\n\n\n<p class=\"has-text-align-center\">Disponemos de una amplia terraza para disfrutar tapeando con los familiares y amigos<\/p>\n\n\n\n<p class=\"has-text-align-center\">Nuestros comienzos como negocio familiar y tradicional, nos hace esforzarnos todos los d\u00edas para dar el mejor servicio posible desde hace m\u00e1s de 20 a\u00f1os al pueblo de Beniaj\u00e1n<\/p>\n\n\n\n<p>Ven, disfruta con nosotros y si no puedes venir a nuestro local nosotros te lo acercamos <\/p>\n","protected":false},"excerpt":{"rendered":"<p>Te invitamos a probar un estilo de restaurante diferente donde podr\u00e1s degustar nuestras pizzas de masa fina y crujiente elaboradas al momento, nuestra receta cl\u00e1sica de la autentica pizza romana, con ingredientes frescos y gran mimo por la calidad. Descubre nuestras hamburguesas especiales o nuestros kebabs gourmet que te dejaran sin palabras Disponemos de una [&hellip;]<\/p>\n","protected":false},"author":1,"featured_media":0,"parent":0,"menu_order":0,"comment_status":"closed","ping_status":"closed","template":"","meta":{"footnotes":""},"class_list":["post-181","page","type-page","status-publish","hentry"],"_links":{"self":[{"href":"https:\/\/pizzeriadalba.es\/index.php?rest_route=\/wp\/v2\/pages\/181","targetHints":{"allow":["GET"]}}],"collection":[{"href":"https:\/\/pizzeriadalba.es\/index.php?rest_route=\/wp\/v2\/pages"}],"about":[{"href":"https:\/\/pizzeriadalba.es\/index.php?rest_route=\/wp\/v2\/types\/page"}],"author":[{"embeddable":true,"href":"https:\/\/pizzeriadalba.es\/index.php?rest_route=\/wp\/v2\/users\/1"}],"replies":[{"embeddable":true,"href":"https:\/\/pizzeriadalba.es\/index.php?rest_route=%2Fwp%2Fv2%2Fcomments&post=181"}],"version-history":[{"count":2,"href":"https:\/\/pizzeriadalba.es\/index.php?rest_route=\/wp\/v2\/pages\/181\/revisions"}],"predecessor-version":[{"id":287,"href":"https:\/\/pizzeriadalba.es\/index.php?rest_route=\/wp\/v2\/pages\/181\/revisions\/287"}],"wp:attachment":[{"href":"https:\/\/pizzeriadalba.es\/index.php?rest_route=%2Fwp%2Fv2%2Fmedia&parent=181"}],"curies":[{"name":"wp","href":"https:\/\/api.w.org\/{rel}","templated":true}]}}